[INFO] cloning repository https://github.com/mozilla-services/rustbox
[INFO] running `Command { std: "git" "-c" "credential.helper=" "-c" "credential.helper=/workspace/cargo-home/bin/git-credential-null" "clone" "--bare" "https://github.com/mozilla-services/rustbox" "/workspace/cache/git-repos/https%3A%2F%2Fgithub.com%2Fmozilla-services%2Frustbox", kill_on_drop: false }`
[INFO] [stderr] Cloning into bare repository '/workspace/cache/git-repos/https%3A%2F%2Fgithub.com%2Fmozilla-services%2Frustbox'...
[INFO] running `Command { std: "git" "rev-parse" "HEAD", kill_on_drop: false }`
[INFO] [stdout] aa13988acbf9e4ef2712708530d088282b360ba6
[INFO] checking mozilla-services/rustbox against master#af3c6e733a40e671550e0f0f5aeecaa13772ba56 for pr-74989
[INFO] running `Command { std: "git" "clone" "/workspace/cache/git-repos/https%3A%2F%2Fgithub.com%2Fmozilla-services%2Frustbox" "/workspace/builds/worker-11/source", kill_on_drop: false }`
[INFO] [stderr] Cloning into '/workspace/builds/worker-11/source'...
[INFO] [stderr] done.
[INFO] validating manifest of git repo https://github.com/mozilla-services/rustbox on toolchain af3c6e733a40e671550e0f0f5aeecaa13772ba56
[INFO] running `Command { std: "/workspace/cargo-home/bin/cargo" "+af3c6e733a40e671550e0f0f5aeecaa13772ba56" "read-manifest" "--manifest-path" "Cargo.toml", kill_on_drop: false }`
[INFO] started tweaking git repo https://github.com/mozilla-services/rustbox
[INFO] finished tweaking git repo https://github.com/mozilla-services/rustbox
[INFO] tweaked toml for git repo https://github.com/mozilla-services/rustbox written to /workspace/builds/worker-11/source/Cargo.toml
[INFO] crate git repo https://github.com/mozilla-services/rustbox already has a lockfile, it will not be regenerated
[INFO] running `Command { std: "/workspace/cargo-home/bin/cargo" "+af3c6e733a40e671550e0f0f5aeecaa13772ba56" "fetch" "--locked" "--manifest-path" "Cargo.toml", kill_on_drop: false }`
[INFO] [stderr]     Blocking waiting for file lock on package cache
[INFO] running `Command { std: "docker" "create" "-v" "/var/lib/crater-agent-workspace/builds/worker-11/target:/opt/rustwide/target:rw,Z" "-v" "/var/lib/crater-agent-workspace/builds/worker-11/source:/opt/rustwide/workdir:ro,Z" "-v" "/var/lib/crater-agent-workspace/cargo-home:/opt/rustwide/cargo-home:ro,Z" "-v" "/var/lib/crater-agent-workspace/rustup-home:/opt/rustwide/rustup-home:ro,Z" "-e" "SOURCE_DIR=/opt/rustwide/workdir" "-e" "CARGO_TARGET_DIR=/opt/rustwide/target" "-e" "CARGO_HOME=/opt/rustwide/cargo-home" "-e" "RUSTUP_HOME=/opt/rustwide/rustup-home" "-w" "/opt/rustwide/workdir" "-m" "1610612736" "--user" "0:0" "--network" "none" "rustops/crates-build-env@sha256:d92eaeed33fa75130ca1ee6c8a01d1ffb62bac859dfdfb3450e3e5d1c0146529" "/opt/rustwide/cargo-home/bin/cargo" "+af3c6e733a40e671550e0f0f5aeecaa13772ba56" "metadata" "--no-deps" "--format-version=1", kill_on_drop: false }`
[INFO] [stdout] 2d76c28b4add0cf7eb40d8ec8e3008bad026e05f4db4353c139b58617680aa80
[INFO] [stderr] WARNING: Your kernel does not support swap limit capabilities or the cgroup is not mounted. Memory limited without swap.
[INFO] running `Command { std: "docker" "start" "-a" "2d76c28b4add0cf7eb40d8ec8e3008bad026e05f4db4353c139b58617680aa80", kill_on_drop: false }`
[INFO] running `Command { std: "docker" "inspect" "2d76c28b4add0cf7eb40d8ec8e3008bad026e05f4db4353c139b58617680aa80", kill_on_drop: false }`
[INFO] running `Command { std: "docker" "rm" "-f" "2d76c28b4add0cf7eb40d8ec8e3008bad026e05f4db4353c139b58617680aa80", kill_on_drop: false }`
[INFO] [stdout] 2d76c28b4add0cf7eb40d8ec8e3008bad026e05f4db4353c139b58617680aa80
[INFO] running `Command { std: "docker" "create" "-v" "/var/lib/crater-agent-workspace/builds/worker-11/target:/opt/rustwide/target:rw,Z" "-v" "/var/lib/crater-agent-workspace/builds/worker-11/source:/opt/rustwide/workdir:ro,Z" "-v" "/var/lib/crater-agent-workspace/cargo-home:/opt/rustwide/cargo-home:ro,Z" "-v" "/var/lib/crater-agent-workspace/rustup-home:/opt/rustwide/rustup-home:ro,Z" "-e" "SOURCE_DIR=/opt/rustwide/workdir" "-e" "CARGO_TARGET_DIR=/opt/rustwide/target" "-e" "CARGO_INCREMENTAL=0" "-e" "RUST_BACKTRACE=full" "-e" "RUSTFLAGS=--cap-lints=forbid" "-e" "CARGO_HOME=/opt/rustwide/cargo-home" "-e" "RUSTUP_HOME=/opt/rustwide/rustup-home" "-w" "/opt/rustwide/workdir" "-m" "1610612736" "--user" "0:0" "--network" "none" "rustops/crates-build-env@sha256:d92eaeed33fa75130ca1ee6c8a01d1ffb62bac859dfdfb3450e3e5d1c0146529" "/opt/rustwide/cargo-home/bin/cargo" "+af3c6e733a40e671550e0f0f5aeecaa13772ba56" "check" "--frozen" "--all" "--all-targets" "--message-format=json", kill_on_drop: false }`
[INFO] [stdout] bdc0a5731cbc54b2e4cca07d0178d414a851197800b4a39bc5e10cc6e7d53bf6
[INFO] [stderr] WARNING: Your kernel does not support swap limit capabilities or the cgroup is not mounted. Memory limited without swap.
[INFO] running `Command { std: "docker" "start" "-a" "bdc0a5731cbc54b2e4cca07d0178d414a851197800b4a39bc5e10cc6e7d53bf6", kill_on_drop: false }`
[INFO] [stderr]    Compiling version_check v0.1.3
[INFO] [stderr]    Compiling libc v0.2.41
[INFO] [stderr]    Compiling serde v1.0.64
[INFO] [stderr]     Checking percent-encoding v1.0.1
[INFO] [stderr]     Checking slab v0.4.0
[INFO] [stderr]     Checking lazycell v0.6.0
[INFO] [stderr]     Checking safemem v0.2.0
[INFO] [stderr]     Checking scoped-tls v0.1.2
[INFO] [stderr]     Checking language-tags v0.2.2
[INFO] [stderr]    Compiling openssl v0.9.24
[INFO] [stderr]     Checking foreign-types-shared v0.1.1
[INFO] [stderr]     Checking either v1.5.0
[INFO] [stderr]     Checking ucd-util v0.1.1
[INFO] [stderr]     Checking bitflags v0.9.1
[INFO] [stderr]     Checking take v0.1.0
[INFO] [stderr]     Checking utf8-ranges v1.0.0
[INFO] [stderr]     Checking smallvec v0.2.1
[INFO] [stderr]    Compiling siphasher v0.2.2
[INFO] [stderr]     Checking slab v0.3.0
[INFO] [stderr]    Compiling unicode-xid v0.0.4
[INFO] [stderr]    Compiling quote v0.3.15
[INFO] [stderr]     Checking antidote v1.0.0
[INFO] [stderr]     Checking slog v2.2.3
[INFO] [stderr]    Compiling build_const v0.2.1
[INFO] [stderr]    Compiling regex v0.2.11
[INFO] [stderr]     Checking constant_time_eq v0.1.3
[INFO] [stderr]     Checking smallvec v0.6.1
[INFO] [stderr]    Compiling httparse v1.2.4
[INFO] [stderr]     Checking adler32 v1.0.2
[INFO] [stderr]     Checking hex v0.3.2
[INFO] [stderr]     Checking bit-vec v0.5.0
[INFO] [stderr]     Checking pear v0.0.17
[INFO] [stderr]     Checking sha1 v0.6.0
[INFO] [stderr]     Checking bufstream v0.1.3
[INFO] [stderr]     Checking take_mut v0.2.2
[INFO] [stderr]     Checking rand_core v0.2.0
[INFO] [stderr]     Checking log v0.4.1
[INFO] [stderr]     Checking iovec v0.1.2
[INFO] [stderr]     Checking num_cpus v1.8.0
[INFO] [stderr]     Checking rand v0.4.2
[INFO] [stderr]     Checking time v0.1.40
[INFO] [stderr]     Checking net2 v0.2.32
[INFO] [stderr]    Compiling crossbeam-utils v0.2.2
[INFO] [stderr]     Checking crossbeam-utils v0.3.2
[INFO] [stderr]     Checking memchr v2.0.1
[INFO] [stderr]    Compiling miniz-sys v0.1.10
[INFO] [stderr]     Checking isatty v0.1.8
[INFO] [stderr]     Checking encoding_rs v0.7.2
[INFO] [stderr]     Checking term v0.5.1
[INFO] [stderr]    Compiling openssl-sys v0.9.31
[INFO] [stderr]    Compiling mysqlclient-sys v0.2.3
[INFO] [stderr]    Compiling proc-macro2 v0.2.3
[INFO] [stderr]    Compiling proc-macro2 v0.4.4
[INFO] [stderr]     Checking unreachable v1.0.0
[INFO] [stderr]     Checking foreign-types v0.3.2
[INFO] [stderr]     Checking base64 v0.9.2
[INFO] [stderr]     Checking base64 v0.6.0
[INFO] [stderr]     Checking xml-rs v0.7.0
[INFO] [stderr]     Checking regex-syntax v0.5.6
[INFO] [stderr]     Checking regex-syntax v0.6.0
[INFO] [stderr]     Checking futures-core v0.2.1
[INFO] [stderr]    Compiling synom v0.11.3
[INFO] [stderr]     Checking scheduled-thread-pool v0.2.0
[INFO] [stderr]    Compiling unicase v1.4.2
[INFO] [stderr]    Compiling unicase v2.1.0
[INFO] [stderr]    Compiling pear_codegen v0.0.17
[INFO] [stderr]    Compiling rocket v0.3.12
[INFO] [stderr]    Compiling rocket_codegen v0.3.12
[INFO] [stderr]    Compiling crc v1.8.1
[INFO] [stderr]     Checking slog-scope v4.0.1
[INFO] [stderr]     Checking futures-cpupool v0.1.8
[INFO] [stderr]     Checking bytes v0.4.8
[INFO] [stderr]     Checking idna v0.1.4
[INFO] [stderr]    Compiling log v0.3.9
[INFO] [stderr]     Checking rand v0.5.0
[INFO] [stderr]     Checking aho-corasick v0.6.4
[INFO] [stderr]     Checking want v0.0.4
[INFO] [stderr]    Compiling crossbeam-epoch v0.3.1
[INFO] [stderr]     Checking mio v0.6.14
[INFO] [stderr]     Checking crossbeam-epoch v0.4.1
[INFO] [stderr]    Compiling rustc_version v0.2.2
[INFO] [stderr]    Compiling r2d2 v0.8.2
[INFO] [stderr]     Checking thread_local v0.3.5
[INFO] [stderr]     Checking futures-channel v0.2.1
[INFO] [stderr]     Checking futures-io v0.2.1
[INFO] [stderr]    Compiling syn v0.11.11
[INFO] [stderr]    Compiling quote v0.4.2
[INFO] [stderr]     Checking rand v0.3.22
[INFO] [stderr]     Checking uuid v0.6.5
[INFO] [stderr]    Compiling quote v0.6.3
[INFO] [stderr]     Checking backtrace-sys v0.1.23
[INFO] [stderr]     Checking num-integer v0.1.38
[INFO] [stderr]     Checking atoi v0.2.3
[INFO] [stderr]    Compiling mime v0.2.6
[INFO] [stderr]     Checking slog-stdlog v3.0.2
[INFO] [stderr]     Checking tokio-io v0.1.6
[INFO] [stderr]     Checking nix v0.10.0
[INFO] [stderr]    Compiling crossbeam-deque v0.2.0
[INFO] [stderr]     Checking slog-async v2.3.0
[INFO] [stderr]     Checking crossbeam-deque v0.3.1
[INFO] [stderr]     Checking url v1.7.0
[INFO] [stderr]     Checking futures-sink v0.2.1
[INFO] [stderr]    Compiling syn v0.12.15
[INFO] [stderr]    Compiling rusoto_core v0.32.0
[INFO] [stderr]     Checking twox-hash v1.1.0
[INFO] [stderr] error: failed to run custom build command for `openssl v0.9.24`
[INFO] [stderr] 
[INFO] [stderr] Caused by:
[INFO] [stderr]   process didn't exit successfully: `/opt/rustwide/target/debug/build/openssl-b9e5c429783a77ba/build-script-build` (exit code: 101)
[INFO] [stderr]   --- stderr
[INFO] [stderr]   thread 'main' panicked at 'Unable to detect OpenSSL version', /opt/rustwide/cargo-home/registry/src/github.com-1ecc6299db9ec823/openssl-0.9.24/build.rs:16:14
[INFO] [stderr]   stack backtrace:
[INFO] [stderr]      0:     0x55d7014af8d0 - std::backtrace_rs::backtrace::libunwind::trace::h452faf99f32e7c93
[INFO] [stderr]                                  at /rustc/af3c6e733a40e671550e0f0f5aeecaa13772ba56/library/std/src/../../backtrace/src/backtrace/libunwind.rs:96
[INFO] [stderr]      1:     0x55d7014af8d0 - std::backtrace_rs::backtrace::trace_unsynchronized::he40edc71437667a1
[INFO] [stderr]                                  at /rustc/af3c6e733a40e671550e0f0f5aeecaa13772ba56/library/std/src/../../backtrace/src/backtrace/mod.rs:66
[INFO] [stderr]      2:     0x55d7014af8d0 - std::sys_common::backtrace::_print_fmt::h6c51d6ade71f46bf
[INFO] [stderr]                                  at /rustc/af3c6e733a40e671550e0f0f5aeecaa13772ba56/library/std/src/sys_common/backtrace.rs:79
[INFO] [stderr]      3:     0x55d7014af8d0 - <std::sys_common::backtrace::_print::DisplayBacktrace as core::fmt::Display>::fmt::h3cd15d7003dec37a
[INFO] [stderr]                                  at /rustc/af3c6e733a40e671550e0f0f5aeecaa13772ba56/library/std/src/sys_common/backtrace.rs:58
[INFO] [stderr]      4:     0x55d7014c855c - core::fmt::write::h1857a60b204f1b6a
[INFO] [stderr]                                  at /rustc/af3c6e733a40e671550e0f0f5aeecaa13772ba56/library/core/src/fmt/mod.rs:1080
[INFO] [stderr]      5:     0x55d7014adec7 - std::io::Write::write_fmt::hac61caff894c35ae
[INFO] [stderr]                                  at /rustc/af3c6e733a40e671550e0f0f5aeecaa13772ba56/library/std/src/io/mod.rs:1517
[INFO] [stderr]      6:     0x55d7014b19e0 - std::sys_common::backtrace::_print::haa2f390fb7957e3e
[INFO] [stderr]                                  at /rustc/af3c6e733a40e671550e0f0f5aeecaa13772ba56/library/std/src/sys_common/backtrace.rs:61
[INFO] [stderr]      7:     0x55d7014b19e0 - std::sys_common::backtrace::print::h48c7cbbad9013bb1
[INFO] [stderr]                                  at /rustc/af3c6e733a40e671550e0f0f5aeecaa13772ba56/library/std/src/sys_common/backtrace.rs:48
[INFO] [stderr]      8:     0x55d7014b19e0 - std::panicking::default_hook::{{closure}}::h8b7ff05a31e71d55
[INFO] [stderr]                                  at /rustc/af3c6e733a40e671550e0f0f5aeecaa13772ba56/library/std/src/panicking.rs:208
[INFO] [stderr]      9:     0x55d7014b172c - std::panicking::default_hook::h2f00c78800d98e4c
[INFO] [stderr]                                  at /rustc/af3c6e733a40e671550e0f0f5aeecaa13772ba56/library/std/src/panicking.rs:227
[INFO] [stderr]     10:     0x55d7014b2043 - std::panicking::rust_panic_with_hook::h4eaa635e4694aef3
[INFO] [stderr]                                  at /rustc/af3c6e733a40e671550e0f0f5aeecaa13772ba56/library/std/src/panicking.rs:577
[INFO] [stderr]     11:     0x55d701499a18 - std::panicking::begin_panic::{{closure}}::h0c18a683a8bfb190
[INFO] [stderr]                                  at /rustc/af3c6e733a40e671550e0f0f5aeecaa13772ba56/library/std/src/panicking.rs:506
[INFO] [stderr]     12:     0x55d701499c98 - std::sys_common::backtrace::__rust_end_short_backtrace::hd3f50504e8d932f1
[INFO] [stderr]                                  at /rustc/af3c6e733a40e671550e0f0f5aeecaa13772ba56/library/std/src/sys_common/backtrace.rs:153
[INFO] [stderr]     13:     0x55d701499943 - std::panicking::begin_panic::hd9fed37094d50b82
[INFO] [stderr]                                  at /rustc/af3c6e733a40e671550e0f0f5aeecaa13772ba56/library/std/src/panicking.rs:505
[INFO] [stderr]     14:     0x55d70149a9f1 - build_script_build::main::hb8b293e19c995f6c
[INFO] [stderr]                                  at /opt/rustwide/cargo-home/registry/src/github.com-1ecc6299db9ec823/openssl-0.9.24/build.rs:16
[INFO] [stderr]     15:     0x55d70149c67b - core::ops::function::FnOnce::call_once::h291dc5b08293dbbd
[INFO] [stderr]                                  at /rustc/af3c6e733a40e671550e0f0f5aeecaa13772ba56/library/core/src/ops/function.rs:227
[INFO] [stderr]     16:     0x55d701499cce - std::sys_common::backtrace::__rust_begin_short_backtrace::he1a57c1ecfccef30
[INFO] [stderr]                                  at /rustc/af3c6e733a40e671550e0f0f5aeecaa13772ba56/library/std/src/sys_common/backtrace.rs:137
[INFO] [stderr]     17:     0x55d701499d71 - std::rt::lang_start::{{closure}}::h46f1a19113732ad4
[INFO] [stderr]                                  at /rustc/af3c6e733a40e671550e0f0f5aeecaa13772ba56/library/std/src/rt.rs:66
[INFO] [stderr]     18:     0x55d7014b2441 - core::ops::function::impls::<impl core::ops::function::FnOnce<A> for &F>::call_once::hecc21eb9018cc197
[INFO] [stderr]                                  at /rustc/af3c6e733a40e671550e0f0f5aeecaa13772ba56/library/core/src/ops/function.rs:259
[INFO] [stderr]     19:     0x55d7014b2441 - std::panicking::try::do_call::h174ad655d084b5c7
[INFO] [stderr]                                  at /rustc/af3c6e733a40e671550e0f0f5aeecaa13772ba56/library/std/src/panicking.rs:381
[INFO] [stderr]     20:     0x55d7014b2441 - std::panicking::try::h479e6054ce28de10
[INFO] [stderr]                                  at /rustc/af3c6e733a40e671550e0f0f5aeecaa13772ba56/library/std/src/panicking.rs:345
[INFO] [stderr]     21:     0x55d7014b2441 - std::panic::catch_unwind::hb558ddea2b3e9c45
[INFO] [stderr]                                  at /rustc/af3c6e733a40e671550e0f0f5aeecaa13772ba56/library/std/src/panic.rs:382
[INFO] [stderr]     22:     0x55d7014b2441 - std::rt::lang_start_internal::h163149047f0a8b61
[INFO] [stderr]                                  at /rustc/af3c6e733a40e671550e0f0f5aeecaa13772ba56/library/std/src/rt.rs:51
[INFO] [stderr]     23:     0x55d701499d47 - std::rt::lang_start::h72c9b2f90372d5d1
[INFO] [stderr]                                  at /rustc/af3c6e733a40e671550e0f0f5aeecaa13772ba56/library/std/src/rt.rs:65
[INFO] [stderr]     24:     0x55d70149b15a - main
[INFO] [stderr]     25:     0x7fab283650b3 - __libc_start_main
[INFO] [stderr]     26:     0x55d70149709e - _start
[INFO] [stderr]     27:                0x0 - <unknown>
[INFO] [stderr] warning: build failed, waiting for other jobs to finish...
[INFO] [stdout] error[E0557]: feature has been removed
[INFO] [stdout]  --> /opt/rustwide/cargo-home/registry/src/github.com-1ecc6299db9ec823/pear_codegen-0.0.17/src/lib.rs:1:45
[INFO] [stdout]   |
[INFO] [stdout] 1 | #![feature(plugin_registrar, rustc_private, quote)]
[INFO] [stdout]   |                                             ^^^^^ feature has been removed
[INFO] [stdout] 
[INFO] [stdout] 
[INFO] [stdout] error[E0462]: found staticlib `rustc` instead of rlib or dylib
[INFO] [stdout]  --> /opt/rustwide/cargo-home/registry/src/github.com-1ecc6299db9ec823/pear_codegen-0.0.17/src/lib.rs:3:1
[INFO] [stdout]   |
[INFO] [stdout] 3 | extern crate rustc;
[INFO] [stdout]   | ^^^^^^^^^^^^^^^^^^^
[INFO] [stdout]   |
[INFO] [stdout]   = help: please recompile that crate using --crate-type lib
[INFO] [stdout]   = note: the following crate versions were found:
[INFO] [stdout]           crate `rustc`: /opt/rustwide/rustup-home/toolchains/af3c6e733a40e671550e0f0f5aeecaa13772ba56/lib/rustlib/x86_64-unknown-linux-gnu/lib/librustc-nightly_rt.lsan.a
[INFO] [stdout]           crate `rustc`: /opt/rustwide/rustup-home/toolchains/af3c6e733a40e671550e0f0f5aeecaa13772ba56/lib/rustlib/x86_64-unknown-linux-gnu/lib/librustc-nightly_rt.msan.a
[INFO] [stdout]           crate `rustc`: /opt/rustwide/rustup-home/toolchains/af3c6e733a40e671550e0f0f5aeecaa13772ba56/lib/rustlib/x86_64-unknown-linux-gnu/lib/librustc-nightly_rt.tsan.a
[INFO] [stdout]           crate `rustc`: /opt/rustwide/rustup-home/toolchains/af3c6e733a40e671550e0f0f5aeecaa13772ba56/lib/rustlib/x86_64-unknown-linux-gnu/lib/librustc-nightly_rt.asan.a
[INFO] [stdout] 
[INFO] [stdout] 
[INFO] [stdout] error: aborting due to 2 previous errors
[INFO] [stdout] 
[INFO] [stdout] 
[INFO] [stdout] For more information about this error, try `rustc --explain E0557`.
[INFO] [stdout] 
[INFO] [stdout] error[E0214]: parenthesized type parameters may only be used with a `Fn` trait
[INFO] [stdout]   --> /opt/rustwide/cargo-home/registry/src/github.com-1ecc6299db9ec823/twox-hash-1.1.0/src/number_streams.rs:67:23
[INFO] [stdout]    |
[INFO] [stdout] 67 |     fn count(self) -> usize() {
[INFO] [stdout]    |                       ^^^^^^^ only `Fn` traits may use parentheses
[INFO] [stdout] ...
[INFO] [stdout] 74 | number_stream!(U32FromBytes, u32, U32_BYTES);
[INFO] [stdout]    | --------------------------------------------- in this macro invocation
[INFO] [stdout]    |
[INFO] [stdout]    = note: this error originates in a macro (in Nightly builds, run with -Z macro-backtrace for more info)
[INFO] [stdout] 
[INFO] [stdout] 
[INFO] [stdout] error[E0214]: parenthesized type parameters may only be used with a `Fn` trait
[INFO] [stdout]   --> /opt/rustwide/cargo-home/registry/src/github.com-1ecc6299db9ec823/twox-hash-1.1.0/src/number_streams.rs:67:23
[INFO] [stdout]    |
[INFO] [stdout] 67 |     fn count(self) -> usize() {
[INFO] [stdout]    |                       ^^^^^^^ only `Fn` traits may use parentheses
[INFO] [stdout] ...
[INFO] [stdout] 75 | number_stream!(U64FromBytes, u64, U64_BYTES);
[INFO] [stdout]    | --------------------------------------------- in this macro invocation
[INFO] [stdout]    |
[INFO] [stdout]    = note: this error originates in a macro (in Nightly builds, run with -Z macro-backtrace for more info)
[INFO] [stdout] 
[INFO] [stdout] 
[INFO] [stdout] error: aborting due to 2 previous errors
[INFO] [stdout] 
[INFO] [stdout] 
[INFO] [stdout] For more information about this error, try `rustc --explain E0214`.
[INFO] [stdout] 
[INFO] [stdout] error[E0713]: borrow may still be in use when destructor runs
[INFO] [stdout]    --> /opt/rustwide/cargo-home/registry/src/github.com-1ecc6299db9ec823/url-1.7.0/src/form_urlencoded.rs:261:40
[INFO] [stdout]     |
[INFO] [stdout] 259 | impl<'a> Target for ::UrlQuery<'a> {
[INFO] [stdout]     |      -- lifetime `'a` defined here
[INFO] [stdout] 260 |     fn as_mut_string(&mut self) -> &mut String { &mut self.url.serialization }
[INFO] [stdout] 261 |     fn finish(self) -> &'a mut ::Url { self.url }
[INFO] [stdout]     |                                        ^^^^^^^^ - here, drop of `self` needs exclusive access to `*self.url`, because the type `UrlQuery<'_>` implements the `Drop` trait
[INFO] [stdout]     |                                        |
[INFO] [stdout]     |                                        returning this value requires that `*self.url` is borrowed for `'a`
[INFO] [stdout] 
[INFO] [stdout] 
[INFO] [stdout] error: aborting due to previous error
[INFO] [stdout] 
[INFO] [stdout] 
[INFO] [stdout] For more information about this error, try `rustc --explain E0713`.
[INFO] [stdout] 
[INFO] [stderr] error: build failed
[INFO] running `Command { std: "docker" "inspect" "bdc0a5731cbc54b2e4cca07d0178d414a851197800b4a39bc5e10cc6e7d53bf6", kill_on_drop: false }`
[INFO] running `Command { std: "docker" "rm" "-f" "bdc0a5731cbc54b2e4cca07d0178d414a851197800b4a39bc5e10cc6e7d53bf6", kill_on_drop: false }`
[INFO] [stdout] bdc0a5731cbc54b2e4cca07d0178d414a851197800b4a39bc5e10cc6e7d53bf6
